ivided by q?
1
Suppose 0 = 3*x + 5*i - 37, -3*i + 6 = 5*x - 29. Suppose 5*q + 3*z = 69, x*q + 20 = -5*z + 70. What is the remainder when 58 is divided by q?
13
Suppose 0 = -x + 4*b + 18, 2*b = -5*x + 3*x + 16. Suppose 4*o - 37 = 3*o. What is the remainder when o is divided by x?
7
Let y(i) = i + 1. Calculate the remainder when y(4) is divided by 3.
2
Let r be 2/5 + 24/(-10). Let u(f) = -2*f**2 + 4*f - 2. Let v be u(2). Calculate the remainder when r - (-35 + v) - 1 is divided by 9.
7
Suppose 2*a - 8 = 4*p, -3*p - a - 10 - 6 = 0. Let g = -5 + 17. Calculate the remainder when (46/p)/((-1)/2) is divided by g.
11
Let u(n) = 15*n**3 + 3*n**2 - 3*n + 1. What is the remainder when u(1) is divided by 9?
7
Calculate the remainder when 13 + 8/12 + (-10)/6 is divided by 4.
0
Suppose -4*t + 5*t - 2 = 0. Suppose 0 = g + f - 75, -2*f - 125 - 25 = -t*g. Calculate the remainder when g is divided by 20.
15
Suppose 0 = -8*d + 3*d + 105. Let s(k) = 2*k**2 - 4*k - 8. Let p = -11 - -15. What is the remainder when d is divided by s(p)?
5
Let k(c) = c + 2. Calculate the remainder when 24 is divided by k(7).
6
What is the remainder when 22 is divided by 4/((-6)/(-3)) - -6?
6
Let f = -28 - -49. Calculate the remainder when 60 is divided by f.
18
Let i = 439 - 420. Suppose 2*b = -0*b + 22. Calculate the remainder when i is divided by b.
8
Suppose -5*g = -8*g + 12. Suppose -16 = -g*i + 24. What is the remainder when 19 is divided by i?
9
Suppose 0*o - 1226 = -4*p + o, 2*o = p - 303. What is the remainder when p is divided by 31?
28
Suppose 4*q + 5 + 3 = 0, -2*a - q = -16. Let b = 95 + -77. What is the remainder when b is divided by (0 + 1)*(a - -1)?
8
Suppose -5 = -3*b + 25. What is the remainder when 36 is divided by b?
6
What is the remainder when 186/10*(-30)/(-6) is divided by 47?
46
Suppose 5*o - o = x - 22, 4*x = -3*o + 145. What is the remainder when x is divided by 12?
10
Let u = 0 - -3. Suppose -4*w + 15 = w + 4*p, w - u = -p. Suppose 8*l - 120 = w*l. Calculate the remainder when 70 is divided by l.
22
Suppose 17*g - 21*g = -120. What is the remainder when g is divided by 18?
12
Let a be 4 - 0/3 - -1. Suppose 9*t - 4*t - 170 = -5*g, -a*t = -4*g + 172. What is the remainder when g is divided by 20?
18
Let y = 11 - 10. Suppose -3*g = 3*f, 5*g = f - 3*f + 6. Let l = -1 - f. What is the remainder when y is divided by l?
0
Let w(q) = -8*q + 6*q**2 - 15 + q + 6. Let i be w(7). Suppose 2*n + 148 = 5*n - 4*h, 0 = 5*n - 4*h - i. What is the remainder when n is divided by 15?
14
Suppose 0 = -2*h - 4*h + 270. What is the remainder when h is divided by 12?
9
Let v(a) = -3. Let g(z) = -z - 9. Let q(c) = -3*g(c) + 8*v(c). Calculate the remainder when 35 is divided by q(3).
11
Let o be (-7 - -6)/((-2)/78). Let d = o - 23. Suppose 6*x + 5*l = x, d = 5*x - 3*l. What is the remainder when 7 is divided by x?
1
Let g(a) = -a**3 - 3*a**2 + 3*a - 4. Suppose -2*q + 0*q + 2 = 0. What is the remainder when g(-5) is divided by -12*-4*q/6?
7
Suppose 3*c - 721 + 187 = 0. What is the remainder when c is divided by 45?
43
Suppose 2*m + 3 = 33. Let w = m + -3. Calculate the remainder when w is divided by 7.
5
Let n be (-2)/1 + 2 + (0 - -3). Let c(r) = -2*r + 9*r + 3 - r. What is the remainder when 61 is divided by c(n)?
19
Let j(c) = -c**2 + 6*c - 1. Suppose -5 + 1 = 2*u, 3*u = 3*y + 120. Let s = -30 - y. What is the remainder when s is divided by j(4)?
5
Suppose 3*h - 25 = 14. Let w(y) = y + 12. Let u be w(-7). Suppose 0 = -5*d + u*n + 25, -d + 0*n + 5 = n. What is the remainder when h is divided by d?
3
Suppose -4*c = 5*u - 40, -u - 4*c = -2*u - 16. Let l be u*-18*(-1)/8. Calculate the remainder when (30/l)/((-1)/(-3)) is divided by 4.
2
Let d be (-1 - 7)*(8 - 6). Let n = d + 23. Let s(z) = -25*z**3 - z**2 - z. What is the remainder when s(-1) is divided by n?
4
Let r(i) = -i - 2. Let h be r(-6). Suppose 3*n = h*k + 2*n - 12, 4*n = 4*k. Let o = -7 + 17. Calculate the remainder when o is divided by k.
2
Let r(m) = 3*m**2 - 9*m - 9. What is the remainder when r(8) is divided by 28?
27
Suppose q + 1 = -1. What is the remainder when q/(-3) + 328/12 is divided by ((-6)/(-9))/(2/45)?
13
Suppose 0*y = -4*y + 40. Calculate the remainder when -28*3/6*-2 is divided by y.
8
Suppose -3*h + 53 = m, -3*m + 2*h - 173 = -6*m. Calculate the remainder when m is divided by 31.
28
Let r = -23 + 41. Suppose 163 = 4*h + 27. Calculate the remainder when h is divided by r.
16
Suppose 2*t - 31 = -s, -4*s = t - 5*s - 8. Calculate the remainder when 23 is divided by t.
10
Let m(i) = i**3 + 8*i**2 - 10*i + 10. Let c(v) = v**2 - 9*v + 9. Let a be c(6). Calculate the remainder when m(a) is divided by 11.
8
Let p(y) be the first derivative of 17*y**2/2 - 4. What is the remainder when 49 is divided by p(1)?
15
Suppose -3*q - 2*q = -5. What is the remainder when 15 is divided by -3 - q*(2 + -9)?
3
Let z = -10 + 15. Suppose -2*s - 24 = -5*s. Calculate the remainder when s is divided by z.
3
Let j(l) = -l + 38. What is the remainder when j(-7) is divided by 23/2*1*2?
22
Let q = 114 + -62. Suppose 2*h + 98 = -0*h. Let r = -31 - h. Calculate the remainder when q is divided by r.
16
Let t(k) = k**2 + 4*k. Calculate the remainder when t(-7) is divided by 12.
9
Let y = 58 + -20. What is the remainder when y is divided by 10?
8
Let c be (-1)/(-2) - (-3)/2. What is the remainder when c + (-2 - 1)*-9 is divided by 10?
9
Suppose -4*b = 2*b - 438. Calculate the remainder when b is divided by 37.
36
Suppose -x + 1 = -4. Suppose -b = -x*b + 48. Calculate the remainder when 34 is divided by b.
10
Calculate the remainder when 261 is divided by 136/(7 + -5) - (0 + 2).
63
Suppose 3*r = -q + 2, r - 2*q = 6 + 4. Suppose 195 = 3*m + r*m. What is the remainder when m is divided by 10?
9
Let k = 29 - 25. What is the remainder when 9 is divided by k?
1
Suppose 97 = -9*k + 601. Suppose z = -3*x + 32, 5*x = -2*z + 2*x + 61. What is the remainder when k is divided by z?
27
Suppose 0 = -5*k + 5*y + 30, 5*k + y = 5*y + 33. What is the remainder when 32 is divided by k?
5
Suppose 4*q + 120 = 5*b, 2*q + 18 = b - 0*b. Suppose 3*j + 6 = 0, 0 = 4*p + 3*j - j - 56. What is the remainder when b is divided by p?
13
Let t = 81 + -46. Suppose -2*u = -t - 15. What is the remainder when u is divided by 14?
11
Suppose 2*p - 54 = -0*p + 2*y, -5*p = 4*y - 180. What is the remainder when 127 is divided by p?
31
Suppose 0 = 3*t - 7 - 5. Suppose t*v - 24 = 2*n, -3*n - 2*n + 3 = -v. What is the remainder when 27 is divided by v?
6
Suppose -2*i = 2*i + 4. Let y(b) = 8*b**2 - 1. Let o be y(i). Suppose 0*k + k = o. Calculate the remainder when 19 is divided by k.
5
Let z = 79 - 20. Calculate the remainder when z is divided by 10.
9
What is the remainder when ((-138)/(-2) - -2) + -4 is divided by 17?
16
Suppose 3*l - 129 = -3*d, 0 = -d + 2*l - 6*l + 43. Calculate the remainder when d is divided by 11.
10
Suppose 2*f - 13 = f. Suppose -2*q = -5 - 1. Suppose -3*a = -4*a + 5*o + 32, -q*o + 20 = 5*a. Calculate the remainder when f is divided by a.
6
Let x be ((-20)/6)/(2/(-3)). Suppose 2*w - 3 = -x*f + 9, 5*f = -w + 16. Calculate the remainder when 4 is divided by f/6*(-1 + 4).
0
Suppose m - 2 = -m. Suppose -3*x + 16 = m, -4*z + 5*x + 99 = 0. What is the remainder when z is divided by 11?
9
Let w(u) = -3*u - 9. What is the remainder when 58 is divided by w(-7)?
10
Let x = -30 - -49. Calculate the remainder when x is divided by 112/12 + 4/6.
9
Let o(z) = 20*z - 31. Calculate the remainder when o(5) is divided by 6.
3
Suppose -2*j = 3*k - 94, 3*k + 9*j - 100 = 4*j. Suppose 0 = 5*c + 3*o - 67, 2*o = 2*c - 6*c + 52. Calculate the remainder when k is divided by c.
8
Let r(y) = -y**2 - 5*y - 3. Let t be r(-3). Let c be -51*t*6/27. Calculate the remainder when 4 + -2 - (-2 + c) is divided by 13.
12
Let x = -7 + 15. Calculate the remainder when (62/(-4))/(3/(-6)) is divided by x.
7
Suppose -4*s = -0*s. Suppose -5*w = -10, s*p + p - 3*w + 4 = 0. Suppose -3*o = 3*u - 3, 5*u - o + 2*o - 21 = 0. Calculate the remainder when u is divided by p.
1
Let y = 68 - 54. Calculate the remainder when y is divided by 8.
6
Let b(j) = 2*j**3 - 5*j**2 - 1. Let p(o) = 12*o**3 - o**2 + o. Let a be p(1). Let q = a + 4. Calculate the remainder when b(4) is divided by q.
15
Suppose 0 = -4*b - b - 340. L